{"id":115,"date":"2025-01-12T13:54:08","date_gmt":"2025-01-12T12:54:08","guid":{"rendered":"https:\/\/ksu.cz\/zavody\/patnactka\/?page_id=115"},"modified":"2025-01-12T13:54:09","modified_gmt":"2025-01-12T12:54:09","slug":"predchozi-rocniky","status":"publish","type":"page","link":"https:\/\/ksu.cz\/zavody\/patnactka\/predchozi-rocniky\/","title":{"rendered":"P\u0159edchoz\u00ed ro\u010dn\u00edky"},"content":{"rendered":"\n<ul class=\"wp-block-list\">\n<li><a href=\"https:\/\/patnactkaokolo.blogspot.com\/\" data-type=\"link\" data-id=\"https:\/\/patnactkaokolo.blogspot.com\/\">P\u016fvodn\u00ed web Patn\u00e1ctky a v\u00fdsledky do 36. ro\u010dn\u00edku<\/a><\/li>\n<\/ul>\n\n\n\n<ul class=\"wp-block-list\">\n<li><a href=\"https:\/\/patnact.rajce.idnes.cz\" data-type=\"link\" data-id=\"https:\/\/patnact.rajce.idnes.cz\">Fotogalerie z p\u0159edchoz\u00edch ro\u010dn\u00edk\u016f<\/a><\/li>\n<\/ul>\n\n\n\n<p><\/p>\n","protected":false},"excerpt":{"rendered":"","protected":false},"author":1,"featured_media":0,"parent":0,"menu_order":0,"comment_status":"closed","ping_status":"closed","template":"","meta":{"zakra_page_container_layout":"customizer","zakra_page_sidebar_layout":"customizer","zakra_remove_content_margin":false,"zakra_sidebar":"customizer","zakra_transparent_header":"customizer","zakra_logo":0,"zakra_main_header_style":"default","zakra_menu_item_color":"","zakra_menu_item_hover_color":"","zakra_menu_item_active_color":"","zakra_menu_active_style":"","zakra_page_header":true,"footnotes":""},"class_list":["post-115","page","type-page","status-publish","hentry"],"_links":{"self":[{"href":"https:\/\/ksu.cz\/zavody\/patnactka\/wp-json\/wp\/v2\/pages\/115","targetHints":{"allow":["GET"]}}],"collection":[{"href":"https:\/\/ksu.cz\/zavody\/patnactka\/wp-json\/wp\/v2\/pages"}],"about":[{"href":"https:\/\/ksu.cz\/zavody\/patnactka\/wp-json\/wp\/v2\/types\/page"}],"author":[{"embeddable":true,"href":"https:\/\/ksu.cz\/zavody\/patnactka\/wp-json\/wp\/v2\/users\/1"}],"replies":[{"embeddable":true,"href":"https:\/\/ksu.cz\/zavody\/patnactka\/wp-json\/wp\/v2\/comments?post=115"}],"version-history":[{"count":1,"href":"https:\/\/ksu.cz\/zavody\/patnactka\/wp-json\/wp\/v2\/pages\/115\/revisions"}],"predecessor-version":[{"id":116,"href":"https:\/\/ksu.cz\/zavody\/patnactka\/wp-json\/wp\/v2\/pages\/115\/revisions\/116"}],"wp:attachment":[{"href":"https:\/\/ksu.cz\/zavody\/patnactka\/wp-json\/wp\/v2\/media?parent=115"}],"curies":[{"name":"wp","href":"https:\/\/api.w.org\/{rel}","templated":true}]}}