{"id":106,"date":"2025-01-02T10:03:08","date_gmt":"2025-01-02T09:03:08","guid":{"rendered":"https:\/\/ksu.cz\/zavody\/patnactka\/?page_id=106"},"modified":"2026-01-09T08:00:01","modified_gmt":"2026-01-09T07:00:01","slug":"pravidla-pro-lyzarsky-zavod-15-okolo-paprsku","status":"publish","type":"page","link":"https:\/\/ksu.cz\/zavody\/patnactka\/pravidla-pro-lyzarsky-zavod-15-okolo-paprsku\/","title":{"rendered":"Pravidla pro ly\u017ea\u0159sk\u00fd z\u00e1vod\u00a015 okolo Paprsku"},"content":{"rendered":"\n<figure class=\"wp-block-table is-style-regular\"><table class=\"has-fixed-layout\" style=\"border-style:none;border-width:0px\"><tbody><tr><td>Z\u00e1vod:<\/td><td>ly\u017ea\u0159sk\u00fd z\u00e1vod pro \u0161irokou ve\u0159ejnost klasickou technikou<\/td><\/tr><tr><td>Datum:<\/td><td>17. 1. 2026, 12.00 hodin<\/td><\/tr><tr><td>M\u00edsto kon\u00e1n\u00ed:<\/td><td>horsk\u00e1 chata <a href=\"https:\/\/mapy.cz\/s\/nobelodera\" data-type=\"link\" data-id=\"https:\/\/mapy.cz\/s\/nobelodera\">Paprsek<\/a>&nbsp;&nbsp;nebo&nbsp;<a href=\"http:\/\/www.paprsek.cz\/\" target=\"_blank\" rel=\"noreferrer noopener\">www.paprsek.cz<\/a><br>Prezence a z\u00e1zem\u00ed v objektu Restaurace Sklen\u00edk<\/td><\/tr><tr><td>Startovn\u00e9:<\/td><td>pro p\u0159edem p\u0159ihl\u00e1\u0161en\u00e9 200,- K\u010d, pro p\u0159ihl\u00e1\u0161en\u00e9 na m\u00edst\u011b 250,- K\u010d, v obou p\u0159\u00edpadech splatn\u00e9 v hotovosti na prezenci<\/td><\/tr><tr><td>Parkov\u00e1n\u00ed:<\/td><td>v\u00fdhradn\u011b na parkovi\u0161ti \u201eU L\u00edpy\u201c nebo v lomu ve Velk\u00e9m Vrbn\u011b \/\/&nbsp;<a href=\"https:\/\/mapy.cz\/s\/bejoculuvo\">mapy.cz<\/a>&nbsp;&#8211; dbejte pokyn\u016f parkova\u010d\u016f<br>\u00da\u010dastn\u00edci z\u00e1vodu mohou zdarma vyu\u017e\u00edt lanovku pro cestu na shroma\u017edi\u0161t\u011b.<br>Pro cestu ze shroma\u017edi\u0161t\u011b vyu\u017eijte cestu po kraji sjezdovky&nbsp;\/\/ <a href=\"https:\/\/mapy.cz\/s\/celolavuku\">mapy.cz<\/a><\/td><\/tr><tr><td>Trat\u011b:<\/td><td>budou up\u0159esn\u011bny dle aktu\u00e1ln\u00edch sn\u011bhov\u00fdch podm\u00ednek: mu\u017ei a \u017eeny cca 20km, dorostenci a dorostenky cca 10km<\/td><\/tr><tr><td>Kategorie:<\/td><td><br><strong>Klasick\u00fd styl<\/strong><br>&#8211; mu\u017ei A do 40let, B do 50let, C do 60let a D nad 60let<br>&#8211; \u017eeny A do 35let, B nad 35let<br>&#8211; dorostenci do 18 let a dorostenky do 18 let<br><br>Kategorie jsou otev\u0159eny p\u0159i minim\u00e1ln\u00edm po\u010dtu 4 p\u0159ihl\u00e1\u0161en\u00fdch<\/td><\/tr><tr><td>Start:<\/td><td>ve 12.00 hodin hromadn\u00fd z Pala\u0161e \/\/&nbsp;<a href=\"https:\/\/mapy.cz\/s\/mobesehako\">mapy.cz<\/a><\/td><\/tr><tr><td>C\u00edl:<\/td><td>u chaty Paprsek, ru\u010dn\u00ed m\u011b\u0159en\u00ed \u010dasu<\/td><\/tr><tr><td>Organizace z\u00e1vodu:<\/td><td>z\u00e1vodn\u00edk na prezenci obdr\u017e\u00ed startovn\u00ed \u010d\u00edslo, kter\u00e9 bude m\u00edt celou dobu z\u00e1vodu viditeln\u011b p\u0159ipnut\u00e9 na hrudi. Tra\u0165 bude zna\u010dena \u010dervenob\u00edl\u00fdmi f\u00e1bory a \u010derven\u00fdmi \u0161ipkami. V p\u0159\u00edpad\u011b vzd\u00e1n\u00ed z\u00e1vodu je nutn\u00e9 toto ohl\u00e1sit po\u0159adatel\u016fm v c\u00edli.<br>Po dojezdu dostanou z\u00e1vodn\u00edci \u010daj a v\u00fdvar.<\/td><\/tr><tr><td>Vyhl\u00e1\u0161en\u00ed v\u00fdsledk\u016f:<\/td><td>prob\u011bhne ve Sklen\u00edku bezprost\u0159edn\u011b po z\u00e1vod\u011b<\/td><\/tr><tr><td>Upozorn\u011bn\u00ed:<\/td><td>Z\u00e1vod se jede na vlastn\u00ed nebezpe\u010d\u00ed. Zdravotn\u00ed slu\u017eba nen\u00ed po\u0159adatelem zaji\u0161t\u011bna.<br>Zejm\u00e9na upozor\u0148ujeme, \u017ee na trati se pohybuje velk\u00e9 mno\u017estv\u00ed turist\u016f, kte\u0159\u00ed nejsou po\u0159adateli usm\u011br\u0148ov\u00e1ni, dodr\u017eujte pravidla slu\u0161n\u00e9ho chov\u00e1n\u00ed.<br>V pr\u016fb\u011bhu akce budou po\u0159izov\u00e1ny zpravodajsk\u00e9 fotografie slou\u017e\u00edc\u00ed k informov\u00e1n\u00ed ve\u0159ejnosti o prob\u011bhl\u00e9 akci v souladu s \u00a7 89 z\u00e1kona \u010d. 89\/2012 Sb., Ob\u010dansk\u00e9ho z\u00e1kon\u00edku. D\u00e1le zde mohou b\u00fdt po\u0159izov\u00e1ny fotografie k osobn\u00ed pot\u0159eb\u011b \u00fa\u010dastn\u00edk\u016f (jako vzpom\u00ednka na akci, pro propagaci) zejm\u00e9na z dojezdu do c\u00edle. V p\u0159\u00edpad\u011b, \u017ee nesouhlas\u00edte s fotografov\u00e1n\u00edm, oznamte to, pros\u00edm explicitn\u011b fotografovi.<\/td><\/tr><tr><td>Za po\u0159adatelsk\u00fd t\u00fdm:<\/td><td>Luk\u00e1\u0161 R\u016f\u017ei\u010dka, 602445065<\/td><\/tr><\/tbody><\/table><\/figure>\n","protected":false},"excerpt":{"rendered":"<p>Z\u00e1vod: ly\u017ea\u0159sk\u00fd z\u00e1vod pro \u0161irokou ve\u0159ejnost klasickou technikou Datum: 17. 1. 2026, 12.00 hodin M\u00edsto kon\u00e1n\u00ed: horsk\u00e1 chata Paprsek&nbsp;&nbsp;nebo&nbsp;www.paprsek.czPrezence a z\u00e1zem\u00ed v objektu Restaurace Sklen\u00edk Startovn\u00e9: pro p\u0159edem p\u0159ihl\u00e1\u0161en\u00e9 200,- K\u010d, pro p\u0159ihl\u00e1\u0161en\u00e9 na m\u00edst\u011b 250,- K\u010d, v obou p\u0159\u00edpadech splatn\u00e9 v hotovosti na prezenci Parkov\u00e1n\u00ed: v\u00fdhradn\u011b na parkovi\u0161ti \u201eU L\u00edpy\u201c nebo v lomu ve [&hellip;]<\/p>\n","protected":false},"author":1,"featured_media":0,"parent":0,"menu_order":0,"comment_status":"closed","ping_status":"closed","template":"","meta":{"zakra_page_container_layout":"customizer","zakra_page_sidebar_layout":"customizer","zakra_remove_content_margin":false,"zakra_sidebar":"customizer","zakra_transparent_header":"customizer","zakra_logo":0,"zakra_main_header_style":"default","zakra_menu_item_color":"","zakra_menu_item_hover_color":"","zakra_menu_item_active_color":"","zakra_menu_active_style":"","zakra_page_header":true,"footnotes":""},"class_list":["post-106","page","type-page","status-publish","hentry"],"_links":{"self":[{"href":"https:\/\/ksu.cz\/zavody\/patnactka\/wp-json\/wp\/v2\/pages\/106","targetHints":{"allow":["GET"]}}],"collection":[{"href":"https:\/\/ksu.cz\/zavody\/patnactka\/wp-json\/wp\/v2\/pages"}],"about":[{"href":"https:\/\/ksu.cz\/zavody\/patnactka\/wp-json\/wp\/v2\/types\/page"}],"author":[{"embeddable":true,"href":"https:\/\/ksu.cz\/zavody\/patnactka\/wp-json\/wp\/v2\/users\/1"}],"replies":[{"embeddable":true,"href":"https:\/\/ksu.cz\/zavody\/patnactka\/wp-json\/wp\/v2\/comments?post=106"}],"version-history":[{"count":3,"href":"https:\/\/ksu.cz\/zavody\/patnactka\/wp-json\/wp\/v2\/pages\/106\/revisions"}],"predecessor-version":[{"id":200,"href":"https:\/\/ksu.cz\/zavody\/patnactka\/wp-json\/wp\/v2\/pages\/106\/revisions\/200"}],"wp:attachment":[{"href":"https:\/\/ksu.cz\/zavody\/patnactka\/wp-json\/wp\/v2\/media?parent=106"}],"curies":[{"name":"wp","href":"https:\/\/api.w.org\/{rel}","templated":true}]}}