{"id":99,"date":"2023-02-21T08:12:33","date_gmt":"2023-02-21T07:12:33","guid":{"rendered":"https:\/\/ksu.cz\/zavody\/cp2025\/?page_id=99"},"modified":"2025-09-02T14:14:04","modified_gmt":"2025-09-02T12:14:04","slug":"ukazky-mapy","status":"publish","type":"page","link":"https:\/\/ksu.cz\/zavody\/cp2025\/?page_id=99","title":{"rendered":"Mapa"},"content":{"rendered":"\n<h3 class=\"wp-block-heading\"><\/h3>\n\n\n\n<p class=\"has-text-align-center\"><strong>P\u0159edchoz\u00ed mapy v z\u00e1vodn\u00edm prostoru<\/strong><\/p>\n\n\n\n<ul class=\"wp-block-list\">\n<li>Rudoltice \u2013 Sk\u0159\u00edtek (2021),&nbsp;<a href=\"https:\/\/mapy.orientacnisporty.cz\/mapa\/rudoltice-skritek-2021\">https:\/\/mapy.orientacnisporty.cz\/mapa\/rudoltice-skritek-2021<\/a>&nbsp;|&nbsp;<a href=\"https:\/\/1drv.ms\/b\/c\/fb2a31d979501cee\/EfImXcRGvr9LlOoE7tO7t2EB_WWS-lVAEgmJS_xdv5z1fA?e=dZJktl\">PDF<\/a><\/li>\n\n\n\n<li>Z\u00e1vada (2022),\u00a0<a href=\"https:\/\/mapy.orientacnisporty.cz\/mapa\/zavada-2022\">https:\/\/mapy.orientacnisporty.cz\/mapa\/zavada-2022 ,<\/a>\u00a0| <a href=\"https:\/\/1drv.ms\/b\/c\/fb2a31d979501cee\/EVnrG89VOrlFrjev67dkjgABOipqvM7zm-1T_BeVouKueg?e=LvHFeS\" data-type=\"link\" data-id=\"https:\/\/1drv.ms\/b\/c\/fb2a31d979501cee\/EVnrG89VOrlFrjev67dkjgABOipqvM7zm-1T_BeVouKueg?e=LvHFeS\">PDF<\/a><\/li>\n\n\n\n<li>Vinn\u00e1 hora (2016),\u00a0<a href=\"https:\/\/mapy.orientacnisporty.cz\/mapa\/vinna-hora-2016\">https:\/\/mapy.orientacnisporty.cz\/mapa\/vinna-hora-2016<\/a>\u00a0|\u00a0<a href=\"https:\/\/1drv.ms\/b\/c\/fb2a31d979501cee\/EdxCXVpk2ehKsQTKF5C5QtAB2ccEIQnCXFO9NQQA2S5h0A?e=ghkdtt\">PDF<\/a><\/li>\n<\/ul>\n\n\n\n<p class=\"has-text-align-center\"><strong>Uk\u00e1zky nov\u00e9 mapy <\/strong><\/p>\n\n\n\n<div class=\"wp-block-columns is-layout-flex wp-container-core-columns-is-layout-28f84493 wp-block-columns-is-layout-flex\">\n<div class=\"wp-block-column is-layout-flow wp-block-column-is-layout-flow\">\n<figure class=\"wp-block-image size-full\"><img loading=\"lazy\" decoding=\"async\" width=\"386\" height=\"399\" src=\"https:\/\/ksu.cz\/zavody\/cp2025\/wp-content\/uploads\/sites\/6\/2025\/09\/Uka1.png\" alt=\"\" class=\"wp-image-646\" srcset=\"https:\/\/ksu.cz\/zavody\/cp2025\/wp-content\/uploads\/sites\/6\/2025\/09\/Uka1.png 386w, https:\/\/ksu.cz\/zavody\/cp2025\/wp-content\/uploads\/sites\/6\/2025\/09\/Uka1-290x300.png 290w\" sizes=\"auto, (max-width: 386px) 100vw, 386px\" \/><\/figure>\n<\/div>\n\n\n\n<div class=\"wp-block-column is-layout-flow wp-block-column-is-layout-flow\">\n<figure class=\"wp-block-image size-full\"><img loading=\"lazy\" decoding=\"async\" width=\"387\" height=\"391\" src=\"https:\/\/ksu.cz\/zavody\/cp2025\/wp-content\/uploads\/sites\/6\/2025\/09\/uka2.png\" alt=\"\" class=\"wp-image-647\" srcset=\"https:\/\/ksu.cz\/zavody\/cp2025\/wp-content\/uploads\/sites\/6\/2025\/09\/uka2.png 387w, https:\/\/ksu.cz\/zavody\/cp2025\/wp-content\/uploads\/sites\/6\/2025\/09\/uka2-297x300.png 297w\" sizes=\"auto, (max-width: 387px) 100vw, 387px\" \/><\/figure>\n<\/div>\n\n\n\n<div class=\"wp-block-column is-layout-flow wp-block-column-is-layout-flow\">\n<figure class=\"wp-block-image size-full\"><img loading=\"lazy\" decoding=\"async\" width=\"390\" height=\"386\" src=\"https:\/\/ksu.cz\/zavody\/cp2025\/wp-content\/uploads\/sites\/6\/2025\/09\/uka3.png\" alt=\"\" class=\"wp-image-648\" srcset=\"https:\/\/ksu.cz\/zavody\/cp2025\/wp-content\/uploads\/sites\/6\/2025\/09\/uka3.png 390w, https:\/\/ksu.cz\/zavody\/cp2025\/wp-content\/uploads\/sites\/6\/2025\/09\/uka3-300x297.png 300w\" sizes=\"auto, (max-width: 390px) 100vw, 390px\" \/><\/figure>\n<\/div>\n<\/div>\n","protected":false},"excerpt":{"rendered":"<p>P\u0159edchoz\u00ed mapy v z\u00e1vodn\u00edm prostoru Uk\u00e1zky nov\u00e9 mapy<\/p>\n","protected":false},"author":1,"featured_media":0,"parent":80,"menu_order":0,"comment_status":"closed","ping_status":"closed","template":"","meta":{"zakra_page_container_layout":"customizer","zakra_page_sidebar_layout":"customizer","zakra_remove_content_margin":false,"zakra_sidebar":"customizer","zakra_transparent_header":"customizer","zakra_logo":0,"zakra_main_header_style":"default","zakra_menu_item_color":null,"zakra_menu_item_hover_color":"","zakra_menu_item_active_color":"","zakra_menu_active_style":"","zakra_page_header":true,"footnotes":""},"class_list":["post-99","page","type-page","status-publish","hentry"],"_links":{"self":[{"href":"https:\/\/ksu.cz\/zavody\/cp2025\/index.php?rest_route=\/wp\/v2\/pages\/99","targetHints":{"allow":["GET"]}}],"collection":[{"href":"https:\/\/ksu.cz\/zavody\/cp2025\/index.php?rest_route=\/wp\/v2\/pages"}],"about":[{"href":"https:\/\/ksu.cz\/zavody\/cp2025\/index.php?rest_route=\/wp\/v2\/types\/page"}],"author":[{"embeddable":true,"href":"https:\/\/ksu.cz\/zavody\/cp2025\/index.php?rest_route=\/wp\/v2\/users\/1"}],"replies":[{"embeddable":true,"href":"https:\/\/ksu.cz\/zavody\/cp2025\/index.php?rest_route=%2Fwp%2Fv2%2Fcomments&post=99"}],"version-history":[{"count":10,"href":"https:\/\/ksu.cz\/zavody\/cp2025\/index.php?rest_route=\/wp\/v2\/pages\/99\/revisions"}],"predecessor-version":[{"id":654,"href":"https:\/\/ksu.cz\/zavody\/cp2025\/index.php?rest_route=\/wp\/v2\/pages\/99\/revisions\/654"}],"up":[{"embeddable":true,"href":"https:\/\/ksu.cz\/zavody\/cp2025\/index.php?rest_route=\/wp\/v2\/pages\/80"}],"wp:attachment":[{"href":"https:\/\/ksu.cz\/zavody\/cp2025\/index.php?rest_route=%2Fwp%2Fv2%2Fmedia&parent=99"}],"curies":[{"name":"wp","href":"https:\/\/api.w.org\/{rel}","templated":true}]}}