{"id":97,"date":"2023-02-21T08:12:13","date_gmt":"2023-02-21T07:12:13","guid":{"rendered":"https:\/\/ksu.cz\/zavody\/cp2025\/?page_id=97"},"modified":"2025-08-18T19:08:46","modified_gmt":"2025-08-18T17:08:46","slug":"fotky-terenu","status":"publish","type":"page","link":"https:\/\/ksu.cz\/zavody\/cp2025\/?page_id=97","title":{"rendered":"Fotky ze z\u00e1vodn\u00edho prostoru"},"content":{"rendered":"\n<p><a href=\"https:\/\/www.flickr.com\/photos\/148589984@N05\/albums\/72177720307136742\"><\/a><\/p>\n\n\n\n<figure class=\"wp-block-gallery has-nested-images columns-default is-cropped wp-block-gallery-1 is-layout-flex wp-block-gallery-is-layout-flex\">\n<figure class=\"wp-block-image size-large\"><a href=\"https:\/\/flic.kr\/p\/2rofguh\"><img loading=\"lazy\" decoding=\"async\" width=\"600\" height=\"400\" data-id=\"613\" src=\"https:\/\/ksu.cz\/zavody\/cp2025\/wp-content\/uploads\/sites\/6\/2025\/08\/23.jpg\" alt=\"\" class=\"wp-image-613\" srcset=\"https:\/\/ksu.cz\/zavody\/cp2025\/wp-content\/uploads\/sites\/6\/2025\/08\/23.jpg 600w, https:\/\/ksu.cz\/zavody\/cp2025\/wp-content\/uploads\/sites\/6\/2025\/08\/23-300x200.jpg 300w\" sizes=\"auto, (max-width: 600px) 100vw, 600px\" \/><\/a><\/figure>\n\n\n\n<figure class=\"wp-block-image size-large\"><a href=\"https:\/\/flic.kr\/p\/2rofi5B\"><img loading=\"lazy\" decoding=\"async\" width=\"600\" height=\"270\" data-id=\"612\" src=\"https:\/\/ksu.cz\/zavody\/cp2025\/wp-content\/uploads\/sites\/6\/2025\/08\/IMG_20250718_095857.jpg\" alt=\"\" class=\"wp-image-612\" srcset=\"https:\/\/ksu.cz\/zavody\/cp2025\/wp-content\/uploads\/sites\/6\/2025\/08\/IMG_20250718_095857.jpg 600w, https:\/\/ksu.cz\/zavody\/cp2025\/wp-content\/uploads\/sites\/6\/2025\/08\/IMG_20250718_095857-300x135.jpg 300w\" sizes=\"auto, (max-width: 600px) 100vw, 600px\" \/><\/a><\/figure>\n\n\n\n<figure class=\"wp-block-image size-large\"><a href=\"https:\/\/flic.kr\/p\/2rofbzM\"><img loading=\"lazy\" decoding=\"async\" width=\"600\" height=\"374\" data-id=\"614\" src=\"https:\/\/ksu.cz\/zavody\/cp2025\/wp-content\/uploads\/sites\/6\/2025\/08\/IMGP7692.jpg\" alt=\"\" class=\"wp-image-614\" srcset=\"https:\/\/ksu.cz\/zavody\/cp2025\/wp-content\/uploads\/sites\/6\/2025\/08\/IMGP7692.jpg 600w, https:\/\/ksu.cz\/zavody\/cp2025\/wp-content\/uploads\/sites\/6\/2025\/08\/IMGP7692-300x187.jpg 300w\" sizes=\"auto, (max-width: 600px) 100vw, 600px\" \/><\/a><\/figure>\n\n\n\n<figure class=\"wp-block-image size-large\"><a href=\"https:\/\/flic.kr\/p\/2rofgFu\"><img loading=\"lazy\" decoding=\"async\" width=\"600\" height=\"388\" data-id=\"616\" src=\"https:\/\/ksu.cz\/zavody\/cp2025\/wp-content\/uploads\/sites\/6\/2025\/08\/IMGP7702-1.jpg\" alt=\"\" class=\"wp-image-616\" srcset=\"https:\/\/ksu.cz\/zavody\/cp2025\/wp-content\/uploads\/sites\/6\/2025\/08\/IMGP7702-1.jpg 600w, https:\/\/ksu.cz\/zavody\/cp2025\/wp-content\/uploads\/sites\/6\/2025\/08\/IMGP7702-1-300x194.jpg 300w\" sizes=\"auto, (max-width: 600px) 100vw, 600px\" \/><\/a><\/figure>\n\n\n\n<figure class=\"wp-block-image size-large\"><a href=\"https:\/\/flic.kr\/p\/2rofgZa\"><img loading=\"lazy\" decoding=\"async\" width=\"600\" height=\"372\" data-id=\"611\" src=\"https:\/\/ksu.cz\/zavody\/cp2025\/wp-content\/uploads\/sites\/6\/2025\/08\/IMGP7728.jpg\" alt=\"\" class=\"wp-image-611\" srcset=\"https:\/\/ksu.cz\/zavody\/cp2025\/wp-content\/uploads\/sites\/6\/2025\/08\/IMGP7728.jpg 600w, https:\/\/ksu.cz\/zavody\/cp2025\/wp-content\/uploads\/sites\/6\/2025\/08\/IMGP7728-300x186.jpg 300w\" sizes=\"auto, (max-width: 600px) 100vw, 600px\" \/><\/a><\/figure>\n\n\n\n<figure class=\"wp-block-image size-large\"><a href=\"https:\/\/flic.kr\/p\/2roe7LK\"><img loading=\"lazy\" decoding=\"async\" width=\"600\" height=\"365\" data-id=\"615\" src=\"https:\/\/ksu.cz\/zavody\/cp2025\/wp-content\/uploads\/sites\/6\/2025\/08\/IMGP7735.jpg\" alt=\"\" class=\"wp-image-615\" srcset=\"https:\/\/ksu.cz\/zavody\/cp2025\/wp-content\/uploads\/sites\/6\/2025\/08\/IMGP7735.jpg 600w, https:\/\/ksu.cz\/zavody\/cp2025\/wp-content\/uploads\/sites\/6\/2025\/08\/IMGP7735-300x183.jpg 300w\" sizes=\"auto, (max-width: 600px) 100vw, 600px\" \/><\/a><\/figure>\n<\/figure>\n\n\n\n<p>V\u00edce fotek najdete v <a href=\"https:\/\/flic.kr\/s\/aHBqjCrdXP\" data-type=\"link\" data-id=\"https:\/\/flic.kr\/s\/aHBqjCrdXP\">na\u0161\u00ed galerii<\/a>.<a href=\"https:\/\/www.flickr.com\/photos\/148589984@N05\/albums\/72177720307136742\"><\/a><\/p>\n\n\n\n<a data-flickr-embed=\"true\" data-footer=\"true\" href=\"https:\/\/www.flickr.com\/photos\/148589984@N05\/albums\/72177720328465469\" title=\"\u010cesk\u00fd poh\u00e1r, \u017dA, \u017dB a \u017dC na Sk\u0159\u00edtku, 6.-.7. z\u00e1\u0159\u00ed, 2025\"><img loading=\"lazy\" decoding=\"async\" src=\"https:\/\/live.staticflickr.com\/65535\/54729133891_22b66825d2_b.jpg\" width=\"1024\" height=\"768\" alt=\"\u010cesk\u00fd poh\u00e1r, \u017dA, \u017dB a \u017dC na Sk\u0159\u00edtku, 6.-.7. z\u00e1\u0159\u00ed, 2025\"\/><\/a><script async src=\"\/\/embedr.flickr.com\/assets\/client-code.js\" charset=\"utf-8\"><\/script>\n\n\n\n<p><\/p>\n","protected":false},"excerpt":{"rendered":"<p>V\u00edce fotek najdete v na\u0161\u00ed galerii.<\/p>\n","protected":false},"author":1,"featured_media":0,"parent":80,"menu_order":0,"comment_status":"closed","ping_status":"closed","template":"","meta":{"zakra_page_container_layout":"customizer","zakra_page_sidebar_layout":"customizer","zakra_remove_content_margin":false,"zakra_sidebar":"customizer","zakra_transparent_header":"customizer","zakra_logo":0,"zakra_main_header_style":"default","zakra_menu_item_color":null,"zakra_menu_item_hover_color":"","zakra_menu_item_active_color":"","zakra_menu_active_style":"","zakra_page_header":true,"footnotes":""},"class_list":["post-97","page","type-page","status-publish","hentry"],"_links":{"self":[{"href":"https:\/\/ksu.cz\/zavody\/cp2025\/index.php?rest_route=\/wp\/v2\/pages\/97","targetHints":{"allow":["GET"]}}],"collection":[{"href":"https:\/\/ksu.cz\/zavody\/cp2025\/index.php?rest_route=\/wp\/v2\/pages"}],"about":[{"href":"https:\/\/ksu.cz\/zavody\/cp2025\/index.php?rest_route=\/wp\/v2\/types\/page"}],"author":[{"embeddable":true,"href":"https:\/\/ksu.cz\/zavody\/cp2025\/index.php?rest_route=\/wp\/v2\/users\/1"}],"replies":[{"embeddable":true,"href":"https:\/\/ksu.cz\/zavody\/cp2025\/index.php?rest_route=%2Fwp%2Fv2%2Fcomments&post=97"}],"version-history":[{"count":16,"href":"https:\/\/ksu.cz\/zavody\/cp2025\/index.php?rest_route=\/wp\/v2\/pages\/97\/revisions"}],"predecessor-version":[{"id":619,"href":"https:\/\/ksu.cz\/zavody\/cp2025\/index.php?rest_route=\/wp\/v2\/pages\/97\/revisions\/619"}],"up":[{"embeddable":true,"href":"https:\/\/ksu.cz\/zavody\/cp2025\/index.php?rest_route=\/wp\/v2\/pages\/80"}],"wp:attachment":[{"href":"https:\/\/ksu.cz\/zavody\/cp2025\/index.php?rest_route=%2Fwp%2Fv2%2Fmedia&parent=97"}],"curies":[{"name":"wp","href":"https:\/\/api.w.org\/{rel}","templated":true}]}}