{"id":99,"date":"2023-02-21T08:12:33","date_gmt":"2023-02-21T07:12:33","guid":{"rendered":"https:\/\/ksu.cz\/zavody\/cp2023\/?page_id=99"},"modified":"2023-05-23T21:16:33","modified_gmt":"2023-05-23T19:16:33","slug":"ukazky-mapy","status":"publish","type":"page","link":"https:\/\/ksu.cz\/zavody\/cp2023\/?page_id=99","title":{"rendered":"Slovo hlavn\u00edho kartografa, uk\u00e1zky mapy a tr\u00e9ninkov\u00e1 mapa"},"content":{"rendered":"\n<h3 class=\"wp-block-heading\">Slovo hlavn\u00edho kartografa &#8211; Zde\u0148ka Rajno\u0161ka<\/h3>\n\n\n\n<p>Humorn\u011b lad\u011bn\u00fd rozhovor mi vyfoukli stavitel\u00e9 trat\u00ed, tak nezb\u00fdv\u00e1 ne\u017e se uch\u00fdlit k seriozn\u00edmu sd\u011blen\u00ed.<br>Mapa je vypracov\u00e1na dle platn\u00e9ho mapov\u00e9ho kl\u00ed\u010de a v souladu se z\u00e1sadami \u010ditelnosti. Zv\u00fd\u0161en\u00e9 n\u00e1roky na generalizaci vy\u017eadovaly oblasti s velk\u00fdm mno\u017estv\u00edm kupek a kamenit\u00e9 pas\u00e1\u017ee.<br>Podle (\u00fadajn\u011b star\u00e9ho \u010d\u00ednsk\u00e9ho) r\u010den\u00ed &#8222;jeden obraz vyd\u00e1 za tis\u00edc slov&#8220; jsme pro v\u00e1s ve spolupr\u00e1ci s hlavn\u00edm rozhod\u010d\u00edm p\u0159ipravili tr\u00e9ninkovou mapku. Doporu\u010duji v\u0161em, kte\u0159\u00ed se necht\u011bj\u00ed nechat p\u0159ekvapit, aby si p\u0159ed sobotn\u00edm z\u00e1vodem vyhradili chv\u00edli \u010dasu a nav\u0161t\u00edvili tr\u00e9ninkov\u00fd prostor. (D\u00e1 se vyu\u017e\u00edt i jako \u010d\u00e1st cesty na start). Mimo jin\u00e9 si m\u016f\u017eete prohl\u00e9dnout shluk kupek, kameny a kamenn\u00e1 pole, ba\u017einy, porostov\u00e9 tvary a ud\u011blat si p\u0159ehled o intervalu vrstevnic. N\u00e1pomocn\u00e9 m\u016f\u017ee b\u00fdt i zji\u0161t\u011bn\u00ed, co v map\u011b nen\u00ed (nap\u0159. v\u00fdvraty, kupky nejsou kresleny jako kamenit\u00e9 apod.).<\/p>\n\n\n\n<p>Prostor tr\u00e9ninkov\u00e9 mapky nebude v ned\u011bli p\u0159\u00edstupn\u00fd!<\/p>\n\n\n\n<p>Postaveny budou 4 kontroly na relevantn\u00edch objektech.<\/p>\n\n\n\n<div class=\"wp-block-columns is-layout-flex wp-container-core-columns-is-layout-28f84493 wp-block-columns-is-layout-flex\">\n<div class=\"wp-block-column is-layout-flow wp-block-column-is-layout-flow\">\n<p>Jedin\u00fd prvek, kter\u00fd v tr\u00e9ninkov\u00e9m prostoru chyb\u00ed (v z\u00e1vodn\u00edm v\u0161ak bohu\u017eel ne), je pro\u0159ez\u00e1vka. V cel\u00e9m prostoru se nach\u00e1z\u00ed hned n\u011bkolik takov\u00fdch oblast\u00ed. Obvykle jsou mapov\u00e1ny b\u00edlou barvou se zakreslen\u00edm jednotliv\u00fdch stahovac\u00edch cest. \u010c\u00e1sti, kter\u00e9 v\u00fdrazn\u011b zt\u011b\u017euj\u00ed b\u011bh (opravdu hodn\u011b v\u011btv\u00ed a klack\u016f pod nohama), jsou zn\u00e1zorn\u011bny zelen\u00fdmi \u0161rafy. N\u011bkolik men\u0161\u00edch ploch polom\u016f a popadan\u00fdch strom\u016f je v map\u011b zakresleno hust\u00fdmi zelen\u00fdmi \u0161rafy. Jednotliv\u00e9 padl\u00e9 stromy mapov\u00e1ny nejsou.<\/p>\n<\/div>\n\n\n\n<div class=\"wp-block-column is-layout-flow wp-block-column-is-layout-flow\">\n<figure class=\"wp-block-image size-full\"><img loading=\"lazy\" decoding=\"async\" width=\"400\" height=\"400\" src=\"https:\/\/ksu.cz\/zavody\/cp2023\/wp-content\/uploads\/sites\/2\/2023\/05\/raj.jpg\" alt=\"\" class=\"wp-image-372\" srcset=\"https:\/\/ksu.cz\/zavody\/cp2023\/wp-content\/uploads\/sites\/2\/2023\/05\/raj.jpg 400w, https:\/\/ksu.cz\/zavody\/cp2023\/wp-content\/uploads\/sites\/2\/2023\/05\/raj-300x300.jpg 300w, https:\/\/ksu.cz\/zavody\/cp2023\/wp-content\/uploads\/sites\/2\/2023\/05\/raj-150x150.jpg 150w\" sizes=\"auto, (max-width: 400px) 100vw, 400px\" \/><\/figure>\n<\/div>\n<\/div>\n\n\n\n<p>A\u0165 se v\u00e1m v lese l\u00edb\u00ed a z\u00e1vod vyda\u0159\u00ed!<\/p>\n\n\n\n<p class=\"has-text-align-right\"><strong><em>Zden\u011bk Rajno\u0161ek<\/em><\/strong> <\/p>\n\n\n\n<h3 class=\"wp-block-heading\">Uk\u00e1zky mapy<\/h3>\n\n\n\n<p class=\"has-text-align-center\"><strong>Prostor kr\u00e1tk\u00e9 trati<\/strong><\/p>\n\n\n\n<figure class=\"wp-block-image aligncenter size-full is-resized\"><img loading=\"lazy\" decoding=\"async\" src=\"https:\/\/ksu.cz\/zavody\/cp2023\/wp-content\/uploads\/sites\/2\/2023\/05\/ukazka-2.jpg\" alt=\"\" class=\"wp-image-359\" width=\"211\" height=\"210\" srcset=\"https:\/\/ksu.cz\/zavody\/cp2023\/wp-content\/uploads\/sites\/2\/2023\/05\/ukazka-2.jpg 475w, https:\/\/ksu.cz\/zavody\/cp2023\/wp-content\/uploads\/sites\/2\/2023\/05\/ukazka-2-300x300.jpg 300w, https:\/\/ksu.cz\/zavody\/cp2023\/wp-content\/uploads\/sites\/2\/2023\/05\/ukazka-2-150x150.jpg 150w\" sizes=\"auto, (max-width: 211px) 100vw, 211px\" \/><\/figure>\n\n\n\n<p class=\"has-text-align-center\"><strong>Prostor klasick\u00e9 trati<\/strong><\/p>\n\n\n\n<div class=\"wp-block-columns is-layout-flex wp-container-core-columns-is-layout-28f84493 wp-block-columns-is-layout-flex\">\n<div class=\"wp-block-column is-layout-flow wp-block-column-is-layout-flow\">\n<figure class=\"wp-block-image size-full\"><img loading=\"lazy\" decoding=\"async\" width=\"474\" height=\"474\" src=\"https:\/\/ksu.cz\/zavody\/cp2023\/wp-content\/uploads\/sites\/2\/2023\/05\/ukazka-4.jpg\" alt=\"\" class=\"wp-image-362\" srcset=\"https:\/\/ksu.cz\/zavody\/cp2023\/wp-content\/uploads\/sites\/2\/2023\/05\/ukazka-4.jpg 474w, https:\/\/ksu.cz\/zavody\/cp2023\/wp-content\/uploads\/sites\/2\/2023\/05\/ukazka-4-300x300.jpg 300w, https:\/\/ksu.cz\/zavody\/cp2023\/wp-content\/uploads\/sites\/2\/2023\/05\/ukazka-4-150x150.jpg 150w\" sizes=\"auto, (max-width: 474px) 100vw, 474px\" \/><\/figure>\n<\/div>\n\n\n\n<div class=\"wp-block-column is-layout-flow wp-block-column-is-layout-flow\">\n<figure class=\"wp-block-image size-full\"><img loading=\"lazy\" decoding=\"async\" width=\"475\" height=\"474\" src=\"https:\/\/ksu.cz\/zavody\/cp2023\/wp-content\/uploads\/sites\/2\/2023\/05\/ukazka-3.jpg\" alt=\"\" class=\"wp-image-360\" srcset=\"https:\/\/ksu.cz\/zavody\/cp2023\/wp-content\/uploads\/sites\/2\/2023\/05\/ukazka-3.jpg 475w, https:\/\/ksu.cz\/zavody\/cp2023\/wp-content\/uploads\/sites\/2\/2023\/05\/ukazka-3-300x300.jpg 300w, https:\/\/ksu.cz\/zavody\/cp2023\/wp-content\/uploads\/sites\/2\/2023\/05\/ukazka-3-150x150.jpg 150w\" sizes=\"auto, (max-width: 475px) 100vw, 475px\" \/><\/figure>\n<\/div>\n\n\n\n<div class=\"wp-block-column is-layout-flow wp-block-column-is-layout-flow\">\n<figure class=\"wp-block-image size-full\"><img loading=\"lazy\" decoding=\"async\" width=\"475\" height=\"474\" src=\"https:\/\/ksu.cz\/zavody\/cp2023\/wp-content\/uploads\/sites\/2\/2023\/05\/ukazka-1.jpg\" alt=\"\" class=\"wp-image-361\" srcset=\"https:\/\/ksu.cz\/zavody\/cp2023\/wp-content\/uploads\/sites\/2\/2023\/05\/ukazka-1.jpg 475w, https:\/\/ksu.cz\/zavody\/cp2023\/wp-content\/uploads\/sites\/2\/2023\/05\/ukazka-1-300x300.jpg 300w, https:\/\/ksu.cz\/zavody\/cp2023\/wp-content\/uploads\/sites\/2\/2023\/05\/ukazka-1-150x150.jpg 150w\" sizes=\"auto, (max-width: 475px) 100vw, 475px\" \/><\/figure>\n<\/div>\n<\/div>\n","protected":false},"excerpt":{"rendered":"<p>Slovo hlavn\u00edho kartografa &#8211; Zde\u0148ka Rajno\u0161ka Humorn\u011b lad\u011bn\u00fd rozhovor mi vyfoukli stavitel\u00e9 trat\u00ed, tak nezb\u00fdv\u00e1 ne\u017e se uch\u00fdlit k seriozn\u00edmu sd\u011blen\u00ed.Mapa je vypracov\u00e1na dle platn\u00e9ho mapov\u00e9ho kl\u00ed\u010de a v souladu se z\u00e1sadami \u010ditelnosti. Zv\u00fd\u0161en\u00e9 n\u00e1roky na generalizaci vy\u017eadovaly oblasti s velk\u00fdm mno\u017estv\u00edm kupek a kamenit\u00e9 pas\u00e1\u017ee.Podle (\u00fadajn\u011b star\u00e9ho \u010d\u00ednsk\u00e9ho) r\u010den\u00ed &#8222;jeden obraz vyd\u00e1 za tis\u00edc [&hellip;]<\/p>\n","protected":false},"author":1,"featured_media":0,"parent":80,"menu_order":0,"comment_status":"closed","ping_status":"closed","template":"","meta":{"zakra_page_container_layout":"customizer","zakra_page_sidebar_layout":"customizer","zakra_remove_content_margin":false,"zakra_sidebar":"customizer","zakra_transparent_header":"customizer","zakra_logo":0,"zakra_main_header_style":"default","zakra_menu_item_color":null,"zakra_menu_item_hover_color":"","zakra_menu_item_active_color":"","zakra_menu_active_style":"","zakra_page_header":true,"footnotes":""},"class_list":["post-99","page","type-page","status-publish","hentry"],"_links":{"self":[{"href":"https:\/\/ksu.cz\/zavody\/cp2023\/index.php?rest_route=\/wp\/v2\/pages\/99","targetHints":{"allow":["GET"]}}],"collection":[{"href":"https:\/\/ksu.cz\/zavody\/cp2023\/index.php?rest_route=\/wp\/v2\/pages"}],"about":[{"href":"https:\/\/ksu.cz\/zavody\/cp2023\/index.php?rest_route=\/wp\/v2\/types\/page"}],"author":[{"embeddable":true,"href":"https:\/\/ksu.cz\/zavody\/cp2023\/index.php?rest_route=\/wp\/v2\/users\/1"}],"replies":[{"embeddable":true,"href":"https:\/\/ksu.cz\/zavody\/cp2023\/index.php?rest_route=%2Fwp%2Fv2%2Fcomments&post=99"}],"version-history":[{"count":8,"href":"https:\/\/ksu.cz\/zavody\/cp2023\/index.php?rest_route=\/wp\/v2\/pages\/99\/revisions"}],"predecessor-version":[{"id":373,"href":"https:\/\/ksu.cz\/zavody\/cp2023\/index.php?rest_route=\/wp\/v2\/pages\/99\/revisions\/373"}],"up":[{"embeddable":true,"href":"https:\/\/ksu.cz\/zavody\/cp2023\/index.php?rest_route=\/wp\/v2\/pages\/80"}],"wp:attachment":[{"href":"https:\/\/ksu.cz\/zavody\/cp2023\/index.php?rest_route=%2Fwp%2Fv2%2Fmedia&parent=99"}],"curies":[{"name":"wp","href":"https:\/\/api.w.org\/{rel}","templated":true}]}}