{"id":92,"date":"2023-02-21T08:09:05","date_gmt":"2023-02-21T07:09:05","guid":{"rendered":"https:\/\/ksu.cz\/zavody\/cp2023\/?page_id=92"},"modified":"2023-06-03T07:16:59","modified_gmt":"2023-06-03T05:16:59","slug":"vysledky","status":"publish","type":"page","link":"https:\/\/ksu.cz\/zavody\/cp2023\/?page_id=92","title":{"rendered":"Fotky"},"content":{"rendered":"\n<ul class=\"wp-block-list\">\n<li><a rel=\"noreferrer noopener\" href=\"https:\/\/flic.kr\/s\/aHBqjAGixu\" data-type=\"URL\" data-id=\"https:\/\/flic.kr\/s\/aHBqjAGixu\" target=\"_blank\">cel\u00fd v\u00edkend (les, centrum, vyhl\u00e1\u0161en\u00ed &#8211; By Green (B\u00e1ra)<\/a><\/li>\n\n\n\n<li><a rel=\"noreferrer noopener\" href=\"https:\/\/eu.zonerama.com\/PetrMica\/Album\/9842234\" data-type=\"URL\" data-id=\"https:\/\/eu.zonerama.com\/PetrMica\/Album\/9842234\" target=\"_blank\">Sobota &#8211; Petr Mi\u010da<\/a><\/li>\n\n\n\n<li><a rel=\"noreferrer noopener\" href=\"https:\/\/kade.cz\/ZApremyslov2023-klasika\/\" data-type=\"URL\" data-id=\"https:\/\/kade.cz\/ZApremyslov2023-klasika\/\" target=\"_blank\">sobota &#8211; Kade<\/a><\/li>\n\n\n\n<li><a href=\"https:\/\/flic.kr\/s\/aHBqjAFGQ3\" data-type=\"URL\" data-id=\"https:\/\/flic.kr\/s\/aHBqjAFGQ3\" target=\"_blank\" rel=\"noreferrer noopener\">spole\u010dn\u00e1 po\u0159adatelsk\u00e1 galerie<\/a><\/li>\n<\/ul>\n\n\n\n<figure class=\"wp-block-image size-full\"><img loading=\"lazy\" decoding=\"async\" width=\"800\" height=\"530\" src=\"https:\/\/ksu.cz\/zavody\/cp2023\/wp-content\/uploads\/sites\/2\/2023\/06\/52945487336_fede727f94_c.jpg\" alt=\"\" class=\"wp-image-484\" srcset=\"https:\/\/ksu.cz\/zavody\/cp2023\/wp-content\/uploads\/sites\/2\/2023\/06\/52945487336_fede727f94_c.jpg 800w, https:\/\/ksu.cz\/zavody\/cp2023\/wp-content\/uploads\/sites\/2\/2023\/06\/52945487336_fede727f94_c-300x199.jpg 300w, https:\/\/ksu.cz\/zavody\/cp2023\/wp-content\/uploads\/sites\/2\/2023\/06\/52945487336_fede727f94_c-768x509.jpg 768w\" sizes=\"auto, (max-width: 800px) 100vw, 800px\" \/><\/figure>\n","protected":false},"excerpt":{"rendered":"","protected":false},"author":1,"featured_media":0,"parent":82,"menu_order":0,"comment_status":"closed","ping_status":"closed","template":"","meta":{"zakra_page_container_layout":"customizer","zakra_page_sidebar_layout":"customizer","zakra_remove_content_margin":false,"zakra_sidebar":"customizer","zakra_transparent_header":"customizer","zakra_logo":0,"zakra_main_header_style":"default","zakra_menu_item_color":null,"zakra_menu_item_hover_color":"","zakra_menu_item_active_color":"","zakra_menu_active_style":"","zakra_page_header":true,"footnotes":""},"class_list":["post-92","page","type-page","status-publish","hentry"],"_links":{"self":[{"href":"https:\/\/ksu.cz\/zavody\/cp2023\/index.php?rest_route=\/wp\/v2\/pages\/92","targetHints":{"allow":["GET"]}}],"collection":[{"href":"https:\/\/ksu.cz\/zavody\/cp2023\/index.php?rest_route=\/wp\/v2\/pages"}],"about":[{"href":"https:\/\/ksu.cz\/zavody\/cp2023\/index.php?rest_route=\/wp\/v2\/types\/page"}],"author":[{"embeddable":true,"href":"https:\/\/ksu.cz\/zavody\/cp2023\/index.php?rest_route=\/wp\/v2\/users\/1"}],"replies":[{"embeddable":true,"href":"https:\/\/ksu.cz\/zavody\/cp2023\/index.php?rest_route=%2Fwp%2Fv2%2Fcomments&post=92"}],"version-history":[{"count":5,"href":"https:\/\/ksu.cz\/zavody\/cp2023\/index.php?rest_route=\/wp\/v2\/pages\/92\/revisions"}],"predecessor-version":[{"id":485,"href":"https:\/\/ksu.cz\/zavody\/cp2023\/index.php?rest_route=\/wp\/v2\/pages\/92\/revisions\/485"}],"up":[{"embeddable":true,"href":"https:\/\/ksu.cz\/zavody\/cp2023\/index.php?rest_route=\/wp\/v2\/pages\/82"}],"wp:attachment":[{"href":"https:\/\/ksu.cz\/zavody\/cp2023\/index.php?rest_route=%2Fwp%2Fv2%2Fmedia&parent=92"}],"curies":[{"name":"wp","href":"https:\/\/api.w.org\/{rel}","templated":true}]}}